4/4 + n**3 - 6*n**2 - 5*n + 118. What is p(-5)?
5
Let s = -189 - -189. Let m(x) be the second derivative of s*x**4 - 3*x + 2/5*x**5 + 1/2*x**2 + 0*x**3 + 0. Calculate m(-1).
-7
Let h(p) = 12 - 12 - p. Suppose -36*m - 4 = 5*w - 39*m, -2*w + 3*m = -2. What is h(w)?
2
Let c(d) = 56 + 6*d - 20 - 15 - 14. Give c(5).
37
Let t(i) = -3*i - 6. Let x(c) be the third derivative of -c**4/12 + c**3 + 4*c**2. Let f be x(5). What is t(f)?
6
Let h(c) = -c**2 + 6*c + 9. Let z(j) = j**3 - 17*j**2 + 6*j - 97. Let g be z(17). Determine h(g).
14
Let d(l) be the first derivative of -l**3/3 + 5*l**2/2 + 14*l + 57. Determine d(6).
8
Let g(j) = j + 1. Let r(u) = -u**3 - 7*u**2 + 5*u - 23. Let w be r(-8). Give g(w).
2
Let f(z) = -z**3 - 6*z**2 + 6*z - 7. Let h = -6 - -19. Let t = h - 10. Let o be 1*-2*t + -1. Calculate f(o).
0
Let u(k) = -k**3 + 12*k**2 + 11*k + 6. Let r = -288 + 301. Give u(r).
-20
Let s(t) = -t**2 + 5*t - 4. Let q(c) = -2*c**2 - 12*c + 5. Let o be q(-6). Determine s(o).
-4
Let n(k) = -k**2 - 3*k + 7. Suppose -8*z - 38*z - 322 = 0. What is n(z)?
-21
Let w(s) = -s**3 + s**2 - 2*s - 1. Let i(h) = -2*h**3 + 11*h**2 + 2*h + 12. Let g(v) = -i(v) + 3*w(v). Determine g(-7).
-8
Let p(k) = -2*k**3 + 5*k**2 + 3*k - 1. Let z(f) = 3*f**3 - 11*f**2 - 7*f + 2. Let u(i) = 7*p(i) + 3*z(i). Give u(-1).
6
Suppose -3*y = -i - 9, i + 0*y + 3*y + 3 = 0. Let s(w) be the second derivative of w**4/12 + 3*w**3/2 - w**2/2 - 9*w. Give s(i).
-19
Let n(g) be the second derivative of g**4/12 - 4*g**3/3 + 2*g**2 + g. Suppose 2*b + 79 = 5*a, -3*b = b - 12. Let u = -11 + a. What is n(u)?
-8
Suppose 72 = 86*y - 82*y. Suppose 24 + y = -6*f. Let m(t) = t + 4. Give m(f).
-3
Let a(j) = -j**2 - j + 3*j + 3 - 5*j - 3*j. Let d be a(-6). Let l = d + -3. Let f(m) = m**2 + 10. Calculate f(l).
10
Let h(b) = 7*b - 1. Let f(a) = -13*a + 2. Let q(y) = -6*f(y) - 11*h(y). Suppose d - 28 = -12. Suppose -5*o = -3*k - o + 31, -4*k + d = o. Calculate q(k).
4
Let m be ((-54)/(-72))/((-6)/(-16) + 0). Let o(k) = 2*k + 1. Let z be o(m). Let p(v) = v**3 - 5*v**2 + 3*v - 3. What is p(z)?
12
Suppose -9*o + 76 = -14. Let x(h) = h**3 - 10*h**2 + h + 13. Determine x(o).
23
Suppose -5*a + 0*h = -h - 6, -4*a = 4*h. Let u(p) = 3 + p**2 - 4 + a - 5. Determine u(0).
-5
Let b(y) = -y + 8. Let u be b(0). Let c(a) = -a + a**3 + 4*a**2 - 4*a**2 - 6 + u. What is c(-2)?
-4
Let t(b) be the third derivative of b**4/4 - b**3/6 + b**2. Let o = -3 + 0. Let q(f) = 7*f - 1. Let u(g) = o*q(g) + 4*t(g). What is u(-2)?
-7
Let n(v) = -2*v - 12. Suppose -5 = 2*y + 3*u, -5*y + 4*u - 60 = 2*u. Determine n(y).
8
Let m(b) = b**2 - 8*b - 4. Let v be m(9). Suppose -2*l = -3*g - 2 - 4, -5*l + 5 = -v*g. Let r(u) = 2*u**2 + 6*u + 2. Determine r(g).
10
Let m = -4 + 10. Let s be 134/m + (-12)/(-18). Suppose s - 3 = -5*n. Let q(p) = 2*p**2 + 5*p - 2. What is q(n)?
10
Let w(a) = 3*a**3 + 12*a**2 - 9*a + 14. Suppose 8*o + 5 = 9*o. Let b(x) = 2*x**3 + 8*x**2 - 6*x + 9. Let d(i) = o*w(i) - 7*b(i). Determine d(-5).
-3
Let i = 25 + -37. Let q be 1 + 0 + 2*i/8. Let r(g) = -9*g - 3. Give r(q).
15
Let w(h) be the third derivative of h**4/12 - 2*h**2. Give w(1).
2
Let w be 1/(-5) + (-11)/(-5) + 2. Suppose -v - 1 = 0, -j = w*j - 5*v - 10. Let z(h) = -14*h**3 + h**2 - 2*h + 1. What is z(j)?
-14
Suppose -o = -0*o - 2. Let x(b) = -4 + o*b**2 + 4 + 0. Calculate x(-1).
2
Let a = 2 - 5. Let x(m) = 28*m + 1 - 61*m - 3 + 27*m. Calculate x(a).
16
Let s(f) = -5*f - 1 - 3*f + 3*f + 3*f**2 + 2*f. Let i(p) = -7*p + 8*p + p - p**2. Let u(m) = 5*i(m) + 2*s(m). Determine u(-5).
3
Let t(a) = 3*a**2 - 4*a. Suppose 0 = 5*y - 0*p + 3*p - 42, 2*y = 4*p - 4. Suppose -4*o + y = -6. Determine t(o).
15
Let h(j) = -j**2 + 8*j - 1. Let n(a) = -a**2 + 2*a + 6. Let s be n(6). Let l(b) = 19*b + 45. Let r be l(-3). Let c = r - s. Determine h(c).
11
Suppose 0 = -3*p + 41 - 23. Let v(n) = -2 - 20*n - p*n**2 + 14*n - 4*n**3 + 5*n**3. Calculate v(7).
5
Let t(f) = f**2 - f. Let m(b) = -b**3 - 8*b**2 - 14*b + 6. Let g(a) = -m(a) + 4*t(a). Calculate g(-11).
5
Let g(a) = -26 + 2 + 28*a**3 - 17*a**3 - a**2 - 10*a**3 - a. Suppose -m - 3*v = 6, 1 = 2*m + 3*v + 7. Calculate g(m).
-24
Let g(d) = -2*d**2 + 5*d - 4. Let p = -262 + 265. Determine g(p).
-7
Let j(y) be the second derivative of -y**4/6 + y**3/3 - 3*y**2/2 + 7*y + 2. What is j(-3)?
-27
Suppose 9 = -3*b - 6. Suppose -5*f + 8 = -2. Let m(n) = -2 + 2 + 0*n**3 - 6 + 5*n**f + n**3. Give m(b).
-6
Let r(i) = i**3 - 3*i**2 + 2. Let u(c) = 4*c - 11. Let v be u(4). Suppose 65 = -0*n + v*n. Suppose 4*x - 5*s = n, -s = -2*x + s + 6. Calculate r(x).
-2
Suppose 13*a = -3*i + 9*a - 227, 65 = -i - 4*a. Let g be (-68)/(-18) - 18/i. Let h(k) = -k**2 + 3*k + 1. What is h(g)?
-3
Let z(p) = -54 - 4*p**2 + 55 + 0*p**2 + 7*p**2 - 4*p. Calculate z(-3).
40
Let w(v) = v**3 - 11*v**2 - 12*v + 3. Suppose 4*s + 84 = 11*s. Let g be w(s). Let d(p) = 7*p - 4. Calculate d(g).
17
Let v(c) be the second derivative of -c**6/720 + c**5/20 + 2*c**4/3 - 20*c. Let l(d) be the third derivative of v(d). Let h = 0 + 3. What is l(h)?
3
Let b(k) = k**3 - 4*k**2 + 2*k + 3. Suppose 0 = 6*x - 5*x. Suppose 2*s + s - 27 = x. Suppose -3*y + s = -0*y. Determine b(y).
0
Let r(m) = -2*m + 1. Let o(h) = -10*h + 18. Let u be o(2). Determine r(u).
5
Let g(d) = 8 + 2*d**2 - 2*d - 12 - 1 + 7. What is g(5)?
42
Suppose -3*q = -0*q - 30. Let u(o) = -q + 9 - 3 + o**2 - 4*o. What is u(4)?
-4
Suppose 5*f - 20 = 3*f. Let s be (-2)/f + (-12)/15. Let p(l) = 3*l - 1. Calculate p(s).
-4
Let l(f) = f**3 + 2. Suppose 2*x - 3*x = -5. Suppose 2*j + x*v = 25, 9 + 6 = 3*v. Give l(j).
2
Let c be (-63)/(-42)*(-2 + (-4)/(-3)). Let m(q) = -q**2 + 2*q + 2. Calculate m(c).
-1
Suppose 5*z - 8*z + 3 = 0. Let y be -1 - ((6 - 4) + z). Let x(w) = w + 4. Calculate x(y).
0
Let f(t) = 2*t**2 + 13*t - 8. Let u(x) = x**2 + 7*x - 4. Let q(y) = -3*f(y) + 5*u(y). Let n = 18 - -3. Suppose 4*l - 5 + n = 0. Calculate q(l).
4
Suppose 2*y = 6*y - 2*p - 14, 5*p = 5*y - 30. Let q(o) = -11*o**3 - o**2 + 7*o - 8*o - o + 0*o - y. What is q(-1)?
11
Let r(p) = p**2 + 10*p + 16. Let v be r(-8). Let g be -2 + 2/(-2) - -5. Let s(b) = 3*b**2 - 6*b**2 + 2*b**g + 2*b**2 - b - 6. Determine s(v).
-6
Let f(t) = -1 + 113*t**2 - 226*t**2 + 115*t**2. Calculate f(-1).
1
Let c(f) be the second derivative of f**3/2 - 17*f**2/2 + 6*f. Let q be c(15). Let s be (-1 - -8)*(-24)/q. Let u(h) = -h - 5. Calculate u(s).
1
Suppose -j + 3*j - 1 = i, 5 = -2*i + 5*j. Let s(o) = o**3 - o**2 - 7*o - 9. Let m(n) = -2*n**3 + n**2 + 14*n + 17. Let y(h) = i*s(h) + 3*m(h). Determine y(-4).
10
Let x(h) = -2*h**2 - 110*h - 116. Let z be x(-54). Let t(y) = -4*y + 7. Give t(z).
39
Let m(t) be the first derivative of -t**4/4 + 11*t**3/3 - 13*t**2/2 - 284. Determine m(10).
-30
Let w be 2 + 1 + (-3)/3. Suppose 0 = y - 5 + w. Let f(h) be the third derivative of -h**6/120 + h**5/30 + h**4/8 - h**3/3 + 3*h**2. Give f(y).
-2
Let g be (4/8*0)/((-6)/(-6)). Let q(r) = r + 10. Determine q(g).
10
Let d(o) be the third derivative of o**7/1008 + o**6/720 - o**5/20 + 5*o**2. Let a(c) be the third derivative of d(c). Suppose -3*h - 2*h = -5. Give a(h).
6
Suppose 0 - 3 = -3*k. Suppose 3*c = n - 11, 3*n + 3*c - k = -4. Suppose n*b + 6 = -0*b. Let q(p) = 2*p**2 + 4*p + 2. What is q(b)?
8
Let m(b) = -b**3 + 2*b**2 + b + 4. Let l(r) = -2*r + 5. Let d be l(0). Suppose -d*t + 14 = -1. Determine m(t).
-2
Let j be (2/30)/(32/80). Let w(g) be the second derivative of -9/2*g**2 + j*g**3 + 6*g + 0. Calculate w(4).
-5
Let f(q) = -q**3 + 6*q**2 - 5*q + 5. Let s be (2 - 156/42)*(-14)/4. Determine f(s).
-25
Let k(f) = -3*f**2 + 4*f + 12. Let q be k(3). Let d = -4 - -6. Let r(x) = 2*x**2 - x**2 + 1 - x + 0 - 2*x**d. Calculate r(q).
-5
Let w(r) = -42 - 588*r**2 + 302*r**2 + 6*r + 287*r**2. Give w(-10).
-2
Let r(i) = -i + 4. Let v be r(3). Let f be (1 + 3)/(v + (-3)/6). Let a(t) = -t + 4. Give a(f).
-4
Let m = -795 + 790. Let z(y) = 3*y**3 - 17*y**2 - 15*y - 3. Let x(a) = a**3 - 8*a**2 - 7*a - 1. Let i(q) = 5*x(q) - 2*z(q). Give i(m).
1
Let w(y) = 4*y**3 + 13*y**2 + 10*y + 17. Let z(l) = -5*l**3 - 11*l**2 - 12*l - 18. Let h(d) = 6*w(d) + 5*z(d). Give h(23).
12
Let s(y) = -y**3 + 4*y**2 - 2*y - 2. Let i(t) = -t**3 - t**2 - t. Let k(u) = -2*i(u) + s(u). What is k(-5)?
23
Suppose -85 = -5*h - 3*t, -2*h + 4 - 1 = -5*t.